
4
What is the ten thousands digit of 46918?
4
What is the units digit of 569?
9
What is the tens digit of 39925?
2
What is the hundreds digit of 2415?
4
What is the thousands digit of 2834?
2
What is the ten thousands digit of 36030?
3
What is the thousands digit of 1565?
1
What is the hundreds digit of 8542?
5
What is the tens digit of 11193?
9
What is the units digit of 29161?
1
What is the tens digit of 26366?
6
What is the units digit of 28367?
7
What is the thousands digit of 8327?
8
What is the hundreds digit of 1886?
8
What is the tens digit of 13612?
1
What is the units digit of 24?
4
What is the hundreds digit of 159?
1
What is the tens digit of 1272?
7
What is the units digit of 4276?
6
What is the tens digit of 5892?
9
What is the thousands digit of 18155?
8
What is the thousands digit of 13237?
3
What is the tens digit of 53311?
1
What is the hundreds digit of 1419?
4
What is the units digit of 22193?
3
What is the thousands digit of 5426?
5
What is the tens digit of 23946?
4
What is the hundreds digit of 810?
8
What is the hundreds digit of 35232?
2
What is the tens digit of 5386?
8
What is the units digit of 919?
9
What is the tens digit of 1763?
6
What is the thousands digit of 34177?
4
What is the tens digit of 802?
0
What is the units digit of 241?
1
What is the hundreds digit of 359?
3
What is the thousands digit of 85795?
5
What is the ten thousands digit of 12332?
1
What is the thousands digit of 4227?
4
What is the hundreds digit of 587?
5
What is the units digit of 842?
2
What is the thousands digit of 9588?
9
What is the units digit of 748?
8
What is the tens digit of 141?
4
What is the thousands digit of 11145?
1
What is the units digit of 283?
3
What is the units digit of 201?
1
What is the hundreds digit of 785?
7
What is the units digit of 637?
7
What is the units digit of 11997?
7
What is the tens digit of 1453?
5
What is the hundreds digit of 1656?
6
What is the ten thousands digit of 59118?
5
What is the units digit of 521?
1
What is the hundreds digit of 17490?
4
What is the thousands digit of 15596?
5
What is the hundreds digit of 7803?
8
What is the tens digit of 9232?
3
What is the thousands digit of 4750?
4
What is the tens digit of 485?
8
What is the thousands digit of 1558?
1
What is the units digit of 5057?
7
What is the thousands digit of 1981?
1
What is the hundreds digit of 14176?
1
What is the thousands digit of 6988?
6
What is the units digit of 19708?
8
What is the ten thousands digit of 23570?
2
What is the thousands digit of 51899?
1
What is the thousands digit of 1755?
1
What is the thousands digit of 14566?
4
What is the units digit of 129368?
8
What is the units digit of 73994?
4
What is the units digit of 5175?
5
What is the thousands digit of 5394?
5
What is the units digit of 825?
5
What is the thousands digit of 4539?
4
What is the units digit of 6486?
6
What is the thousands digit of 6492?
6
What is the units digit of 51588?
8
What is the thousands digit of 4358?
4
What is the units digit of 3563?
3
What is the thousands digit of 74981?
4
What is the thousands digit of 33191?
3
What is the thousands digit of 9584?
9
What is the ten thousands digit of 91584?
9
What is the units digit of 87?
7
What is the units digit of 62504?
4
What is the units digit of 41?
1
What is the units digit of 181?
1
What is the units digit of 703?
3
What is the hundreds digit of 1570?
5
What is the units digit of 5671?
1
What is the tens digit of 14732?
3
What is the units digit of 10847?
7
What is the tens digit of 4155?
5
What is the tens digit of 65?
6
What is the tens digit of 19003?
0
What is the tens digit of 1890?
9
What is the thousands digit of 1027?
1
What is the tens digit of 100777?
7
What is the tens digit of 7577?
7
What is the tens digit of 14645?
4
What is the hundreds digit of 41130?
1
What is the units digit of 4183?
3
What is the units digit of 13?
3
What is the ten thousands digit of 52364?
5
What is the units digit of 1929?
9
What is the hundreds digit of 2032?
0
What is the hundreds digit of 3579?
5
What is the units digit of 7872?
2
What is the units digit of 4980?
0
What is the hundreds digit of 13215?
2
What is the hundreds digit of 3495?
4
What is the hundreds digit of 723?
7
What is the thousands digit of 6789?
6
What is the ten thousands digit of 33687?
3
What is the tens digit of 6546?
4
What is the ten thousands digit of 35374?
3
What is the thousands digit of 20083?
0
What is the thousands digit of 4761?
4
What is the tens digit of 990?
9
What is the thousands digit of 36717?
6
What is the units digit of 66?
6
What is the tens digit of 702?
0
What is the tens digit of 119?
1
What is the thousands digit of 2331?
2
What is the tens digit of 9314?
1
What is the hundreds digit of 3343?
3
What is the thousands digit of 10345?
0
What is the tens digit of 5538?
3
What is the hundreds digit of 20600?
6
What is the tens digit of 2863?
6
What is the hundreds digit of 3469?
4
What is the thousands digit of 4461?
4
What is the units digit of 76390?
0
What is the units digit of 15245?
5
What is the thousands digit of 41258?
1
What is the tens digit of 13765?
6
What is the thousands digit of 1916?
1
What is the ten thousands digit of 69256?
6
What is the units digit of 6141?
1
What is the ten thousands digit of 38649?
3
What is the tens digit of 345?
4
What is the thousands digit of 5720?
5
What is the hundreds digit of 787?
7
What is the units digit of 2427?
7
What is the units digit of 25270?
0
What is the tens digit of 820?
2
What is the units digit of 136730?
0
What is the units digit of 40556?
6
What is the thousands digit of 2105?
2
What is the units digit of 37251?
1
What is the units digit of 10707?
7
What is the hundreds digit of 973?
9
What is the tens digit of 15051?
5
What is the units digit of 734?
4
What is the hundreds digit of 1755?
7
What is the hundreds digit of 29634?
6
What is the tens digit of 360?
6
What is the units digit of 298?
8
What is the hundreds digit of 1256?
2
What is the hundreds digit of 1523?
5
What is the tens digit of 41256?
5
What is the ten thousands digit of 18595?
1
What is the ten thousands digit of 23349?
2
What is the units digit of 8853?
3
What is the hundreds digit of 11854?
8
What is the hundreds digit of 900?
9
What is the thousands digit of 94766?
4
What is the units digit of 12920?
0
What is the tens digit of 430?
3
What is the ten thousands digit of 64669?
6
What is the ten thousands digit of 42896?
4
What is the units digit of 1923?
3
What is the hundreds digit of 854?
8
What is the units digit of 1682?
2
What is the thousands digit of 33729?
3
What is the tens digit of 47804?
0
What is the thousands digit of 4700?
4
What is the thousands digit of 27199?
7
What is the units digit of 40473?
3
What is the tens digit of 4594?
9
What is the tens digit of 34872?
7
What is the units digit of 7726?
6
What is the units digit of 4404?
4
What is the units digit of 10009?
9
What is the hundreds digit of 4612?
6
What is the hundreds digit of 995?
9
What is the units digit of 433?
3
What is the thousands digit of 1607?
1
What is the thousands digit of 8873?
8
What is the hundreds digit of 323?
3
What is the tens digit of 1084?
8
What is the units digit of 1914?
4
What is the thousands digit of 2231?
2
What is the thousands digit of 131246?
1
What is the hundreds digit of 6916?
9
What is the tens digit of 354?
5
What is the units digit of 2235?
5
What is the tens digit of 782?
8
What is the thousands digit of 32730?
2
What is the units digit of 658?
8
What is the tens digit of 128?
2
What is the units digit of 29888?
8
What is the units digit of 6624?
4
What is the hundreds digit of 70083?
0
What is the units digit of 299?
9
What is the hundreds digit of 3711?
7
What is the thousands digit of 7542?
7
What is the tens digit of 57896?
9
What is the hundreds digit of 838?
8
What is the hundreds digit of 13024?
0
What is the tens digit of 248?
4
What is the tens digit of 53740?
4
What is the tens digit of 581?
8
What is the units digit of 2045?
5
What is the hundreds digit of 162?
1
What is the hundreds digit of 4834?
8
What is the hundreds digit of 13311?
3
What is the units digit of 4096?
6
What is the units digit of 1495?
5
What is the units digit of 971?